6
Calculate -3 + -6 + 12 - (1 - 0).
2
What is (-7 - -18) + 8 + (-6 - -7)?
20
(-12 - -29) + (13 - 21) + (-38 - 0)
-29
8 + -2 + -4 + -1 + 2 + -8
-5
7 - -8 - -28 - 19
24
0 + 5 - ((-15 - 1 - -9) + 26)
-14
What is the value of 1 + (-16 - (-8 + 6))?
-13
What is the value of -3 - (-17 + 10) - (13 - (-8 + 4))?
-13
(-4 - (-5 + -2 + 12)) + 11
2
Evaluate 7 + 39 + -75 - (-2 + (-2 - 0)).
-25
Evaluate -28 + 15 + 15 + 14.
16
Calculate 13 + -15 + (7 - 4) + -2.
-1
(40 - (-9 + -3)) + -23
29
Calculate -25 + 6 + 27 + -3 - (-36 - -2).
39
What is the value of -18 + 0 - (87 + -97)?
-8
12 - (3 - (3 + 5 + -11))
6
What is 3 + -15 + -13 + 5?
-20
Calculate -3 + (5 - (9 - 8)) - 10.
-9
Calculate -9 - 0 - (20 + -17).
-12
Calculate -2 + -17 - (71 + -76).
-14
Calculate -24 + 1 - (108 - 118).
-13
What is the value of (4 + -8 + 34 - 12) + -30?
-12
Evaluate (5 - -4) + -8 + 1.
2
Calculate 3 + -7 + 0 + 1 + (82 - 82).
-3
1 + 5 - (1 + -42 - -40)
7
Calculate -1 - (7 - (-5 + (9 - (10 + -6)))).
-8
Evaluate 89 + -136 - (-31 - 7).
-9
What is -29 + 9 - -15 - (3 + (-6 - 2))?
0
(-1 - 2) + -2 - (-7 + 13 + -1)
-10
Calculate (1 - 0 - 16) + -482 + 460.
-37
-7 + 0 - (2 - (-7 + 8 + -4))
-12
What is the value of -2 + (21 - 21) + -10?
-12
What is 15 - -1 - (-7 - (-27 - -13))?
9
Evaluate (-7 - (-11 + -10 + 11 + -6)) + -28.
-19
Calculate 0 - -1 - (0 + 11) - (-252 + 255).
-13
(-17 - -18) + -1 + 2 + (72 - 46)
28
Calculate (-11 - (4 + -4)) + (-2 - -1) + 2.
-10
Evaluate 781 + -797 + (45 - 1).
28
What is the value of -15 - (0 - (4 - -17))?
6
Evaluate -5 - (-71 + 77 + (-7 - 0)).
-4
What is the value of 6 - 2 - (1 - -6 - (10 + -4))?
3
What is -13 + (4 + 9 - 9)?
-9
Calculate 46 + -37 + 4 + 0 + -4.
9
Calculate 9 - 9 - (-16 - -9).
7
What is the value of -8 + (9 + -36 - -39)?
4
What is -9 + 14 - -1 - 3 - 14?
-11
Calculate (-11 - -1 - -5 - -4) + -23.
-24
Calculate 20 + 9 + -22 - (31 + (-5 - -6)).
-25
Evaluate 1 + 10 - (-75 + 63 - (-18 - -3)).
8
What is (16 - (-10 + 28 + -12)) + -4 + 1?
7
Evaluate -2 - -12 - (-84 - -118).
-24
What is -2 + (-2 + 5 - (-17 + 11))?
7
1 - -13 - (1321 + -1325)
18
What is -3 - (42 - 35) - (-2 + -26)?
18
What is the value of (14 - 23 - ((1 - 0) + -7)) + -8?
-11
What is the value of -6 - (1 + -10) - (13 - 4 - 4)?
-2
Evaluate 7 - 1 - (-9 + -2 + 20).
-3
(-163 - -154) + 0 + -9
-18
What is 17 + (11 - 21) + 1 + -8 + 8?
8
What is the value of (90 - 106) + (10 - 1) + -1 + 3?
-5
What is (9 - -8) + (-11 - -1)?
7
4 + 6 + -6 + -3 + -2 - 7
-8
Calculate 13 + -2 + 60 - 46.
25
Evaluate 1 - (5 - (-2 + (-10 - -16) - 34)).
-34
What is the value of -264 + 247 - (-16 - -1)?
-2
What is the value of (-6 - (-10 + -2)) + 5 + 5 + 4?
20
What is 0 + (-1 - -2) + -36 + 22?
-13
0 - (2 - -30 - (34 + -22))
-20
Evaluate (-4 - (-1 - (-1 + 6))) + 12.
14
What is the value of (138 - 124) + -23 + -1?
-10
What is 69 - (43 - 31) - 35?
22
What is the value of 274 + -268 - (1 - (-2 - -7)) - -6?
16
-38 + -11 + 63 + (1 - 9)
6
What is the value of (-666 - -679) + (0 - (-2 + 18))?
-3
Evaluate (5 - 16) + -2 - -26.
13
-7 - 0 - (-12 + 8 + -7)
4
1 + 23 + 263 + -283
4
What is -7 + (-170 + 181 - (1 + 0 + 10))?
-7
What is -12 - 2 - (-101 + 103)?
-16
Calculate -2 + 44 - (348 - 333).
27
4 - (7 + (-3 - -2) - -6)
-8
What is the value of 0 + (-1 - 0) - (-66 + 29 - -24)?
12
Calculate -16 - 1 - (-15 - -3) - (-1 + -13).
9
Evaluate -2 - (4 - 11) - (-3 + (-3 - -8)).
3
What is the value of 0 - 2 - -6 - (-361 - -359)?
6
Evaluate 1 + (-4 + 16 - 12) + (7 - 0).
8
-6 - ((-5 - -14) + 15 + -13)
-17
What is 7 + (4 - 28 - -7)?
-10
What is 16 - ((13 - -2 - 18) + 16)?
3
What is the value of -9 + 3 - -11 - 4 - -4?
5
What is the value of -21 - (3 - -4 - 27)?
-1
Calculate 22 + 9 - 32 - 24.
-25
What is 55 - 34 - (22 + 10)?
-11
Calculate -5 + 0 + (9 + -9 - (-4 - -3)).
-4
Calculate -4 - (1 + -22) - 11.
6
15 + -2 - 6 - (-4 + 4)
7
What is the value of -35 + 2 + 11 + 6?
-16
What is the value of (2 - 2) + 5 - 9 - -18?
14
What is 8 + 12 + (-2 - 10)?
8
What is the value of -9 - ((-11 - 0) + 60 + -73)?
15
Evaluate -1099 + 1066 + -1 + 13.
-21
Evaluate 3 - (-3 + 1 - (3 + -11)).
-3
Evaluate 4 - (-19 - (9 + -2 - 16)).
14
What is the value of -1 + -4 - (64 - 63)?
-6
Evaluate 2 - 9 - (-38 + 27).
4
What is -1 - 6 - -2 - (-6 - 3 - 14)?
18
What is (21 - 2) + -15 + 22 + -18?
8
What is 20 + -26 + 11 + -31?
-26
What is the value of -10 + (5 - (9 - 4)) + 9?
-1
Evaluate (-41 - -27) + -23 - -13.
-24
Evaluate 0 - (14 + (-3 - -4 - (-1 + 1))).
-15
What is the value of (20 + -21 - (0 + 3)) + (1 - -19)?
16
Calculate 10 + -16 + (6 - 7).
-7
What is (51 - 46) + (19 - (8 - 4))?
20
What is the value of (-2 - 27 - -25) + (6 - 0)?
2
Calculate 19 + 2 - (337 - 339).
23
(-29 + 11 - 4) + 13
-9
-2 + 1 - -7 - (3 + (21 - 18))
0
Evaluate -12 - (-27 + 15 + -1).
1
(-29 - (-14 + -24)) + (2 - 15)
-4
Evaluate 1 + (-1 - 4) + 10 - 3.
3
1 + -1 + 15 + -8 - (7 + -15)
15
What is 0 - 0 - (368 - 378)?
10
What is the value of -28 - ((-10 - -13) + -28)?
-3
What is the value of 0 - (5 - -5) - (-104 + 112)?
-18
Calculate (-5 - (0 - 9) - (8 - 2)) + 13.
11
(-37 - -51) + 0 + -10 + 4
8
What is 2 - ((-3 - 1) + 3 + (9 - 11))?
5
(-2 - 4) + 34 + -35 + 16 + -23
-14
Calculate (-4 - (-1 - -3)) + (-5 - (-13 + 1)).
1
0 - (-5 - (-3 + 5 + 4) - -7)
4
What is the value of (2 - (3 + -3)) + -11 + 5 + 14?
10
What is 6 - -18 - 14 - (-1 + (5 - 16))?
22
5 + 23 + -10 - (-5 - -6)
17
What is the value of -16 + 13 - 25 - -5?
-23
Evaluate 20 + (9 - (-14 + 34)).
9
What is -20 + 20 + (8 - -4 - 4)?
8
Calculate -18 + (14 - -2) - -4.
2
10 + (-4 - 1) + 98 + -95
8
What is the value of 0 + (11 - (-17 + 12 + 1))?
15
What is 8 - (-34 + 18 - -6)?
18
4 + -1 + 13 + -12
4
Calculate -39 + -24 + 109 + -25.
21
Evaluate (13 - (16 + -5)) + -1 - 12.
-11
-112 + 78 + (7 - -5)
-22
(-43 - -10) + 43 + -5
5
What is (-1 - -6 - (26 - 27)) + -8 + -1?
-3
-14 - (5 + 4 + -1 + -14)
-8
What is 4 + 0 + (4 - -19 - 5 - 1)?
21
Evaluate 10 - 9 - (15 + 5 + -8).
-11
What is 0 - (-3 + 2) - (31 + -17)?
-13
8 - (-5 + (32 - (9 - 10)) + -10)
-10
What is -8 + (11 - 14) + 9 + -4?
-6
Calculate (29 - -1) + (-11 + 14 + 3 - 16).
20
What is the value of 7 - 2 - (28 - 33) - -5?
15
What is the value of -33 - -5 - (-102 - -85)?
-11
What is the value of -40 + 32 + 16 + (1 - -10)?
19
What is -16 + -9 + (12 - -4) - -6?
-3
Calculate 12 - -1 - (-7 - (-7 - 7)).
6
What is the value of 20 + -36 + 3 + (-3 - -3 - 0)?
-13
Calculate (8 + 2 + -9 - 17) + -5.
-21
Evaluate -14 - (18 + -22) - (9 - -1) - -1.
-19
What is the value of -17 - (-8 + (1 - -3))?
-13
Evaluate -687 - -690 - (2 + -1 + (1 - 6)).
7
Calculate -2 + 0 + 8 - (377 + -376).
5
What is the value of (22 - (8 - 8)) + 6 + -1 + -5?
22
-2 + 1 - (-17 + 18 - -7)
-9
Calculate -3 + (-7 - -8) + (-3 - (-3 + 6)).
-8
Calculate -28 + (-23 - -9) + 28 - 2.
-16
Evaluate (-2 - (-21 - 1)) + -287 + 280.
13
Evaluate -15 - (-11 + (-5 - (11 + -11))).
1
Evaluate 2 - (8 - (9 + -6)) - 0 - -3.
0
Evaluate -5 + (-1 + 5 + 7 + -7 - 1).
-2
-11 - 2 - (17 + -20 + -4) - -8
2
What is the value of 57 + -48 + -8 + -1?
0
What is -69 + 51 + 5 + 47?
34
What is the value of -8 - (-50 + 51 - (1 + 1))?
-7
Calculate -363 + 367 + (-3 - (0 + -2)) + -2.
1
What is the value of (-7 + 5 + 11 - 9) + -4?
-4
What is the value of 3 - (-3 + 2) - (-16 - -15)?
5
2 + 1 + (-20 - (35 - 62))
10
Calculate 0 + 0 - (-175 + 186).
-11
-341 + 336 + 16 + -1 - 26
-16
Calculate -30 + (34 + -70 - -51).
-15
Calculate -1 - ((-13 - -19) + -22).
15
Calculate (-3 - (10 - 25) - 38) + -13.
-39
4 + 2 + 8 + -19
-5
(-2 - (-4 - 9)) + (6 - 8 - 0)
9
6 + (-12 - -22) - 32
-16
Calculate 1 - (5 + -8 - -1).
3
Evaluate 2 - (-14 + 7) - (-9 + 16).
2
Calculate -11 - (12 + -24 + -11).
12
Calculate 11 - (11 - 7 - -1) - -1.
7
Calculate -221 - -209 - (-12 + 2 + 0).
-2
Evaluate (6 - (1 - (-8 - -10))) + 2 + -1.
8
What is (-2 - -6 - (7 - 3)) + (-15 - 2)?
-17
What is (11 - 37) + -6 + -2 - 0?
-34
Calculate 3 + -1 + (-124 - -128) + -11.
-5
Evaluate -11 - -21 - (2 + 6).
2
Calculate 13 + -8 + 31 + -12 + -12.
12
-46 - -44 - (-2 + 2 - (0 - 2))
-4
Evaluate -4 + -4 + -3 + 1 + 0.
-10
Calculate (7 - (1 - 17) - 8) + -4.
11
-19 - ((-51 - -8) + (-12 - -31))
5
What is -147 + 151 + -1 + -8?
-5
Evaluate 27 - ((15 - 16) + 16 - (8 + 1)).
21
What is the value of 0 + (6 - 1) + 2 - (-47 - -63)?
-9
Calculate -5 - (-3 + 0) - 14 - (-6 - -7).
-17
What is -14 - -6 - (0 - 11)?
3
What